 (j + h/15)/((-2)/(-285))?
5
Let j(v) = 6*v**2 - 91*v - 812. What is the thousands digit of j(-83)?
8
Let i(p) = p**3 + 42*p**2 + 62*p + 32. Let w be i(-40). Let b = w + -574. What is the hundreds digit of b?
1
Suppose -3*a + 49241 = 2*m, 2*a - 27*m = -24*m + 32836. What is the tens digit of a?
1
Suppose 1179 = -w - 4526. What is the tens digit of 1/(14/w)*6/(-5)?
8
Let m = 61 + -63. Let l be (-11)/11*(-12)/m. What is the units digit of (-12506)/(-78) + (-4)/l?
1
Let q be 4/12 + (-41)/(-3). Let z be (-798)/(-228) + 26/4. What is the units digit of (-4)/(-2)*(q - z)?
8
Let x(m) = 0*m + 2*m + 32 - 25 - m**2. Let h be x(3). Suppose 10*b - h*b = 312. What is the tens digit of b?
5
Let a = -13 - -11593. What is the thousands digit of a?
1
Suppose 41*i - 265041 - 111633 + 105582 = 0. What is the hundreds digit of i?
6
Let v be (3 - 1)/(4/32). Let g be -35 - (-3 + -1 + 7). What is the tens digit of 24/v*(0 + 2 - g)?
6
Let h be 66/21 + (-1)/7. Let r be (2 - h)*0 - -23. Suppose r = 4*q - 165. What is the units digit of q?
7
Let k(w) = -w**2 - 5*w + 2. Let y be k(-6). Let f be 0 + (-4 - y) - 14. Let c = 21 + f. What is the units digit of c?
7
Suppose -g = 3*g. Let u be 3/(-4) + (-6)/((-216)/99). Suppose 2*q - 40 = -6*t + 2*t, g = 2*t - u*q - 20. What is the tens digit of t?
1
Suppose -11*b = -7*b + w - 33, 1 = w. Let a(t) be the second derivative of t**4/4 - t**3/3 - 5*t**2 + 8*t. What is the hundreds digit of a(b)?
1
Suppose 5*d - 48449 = -37*v + 34*v, 5*v - d = 80767. What is the units digit of v?
3
What is the hundreds digit of ((-87)/15 + 1)*104005/(-122)?
0
Let a(k) = -k**3 - 2*k**2 - 4*k - 5. Let m be a(-2). Suppose -i + 4*c = m*i - 796, 2*i + 2*c = 394. What is the units digit of i?
8
Let o(y) = -3*y - 1. Let z(h) = -55*h + 36. Let t(a) = 2*o(a) - z(a). What is the hundreds digit of t(20)?
9
Suppose -6*q - 4*s + 69814 = 0, 2*q - 8*s + 5*s = 23267. What is the tens digit of q?
3
Let a(o) = -o**3 + 22*o**2 + 2*o - 44. Let f be a(22). Suppose -4*w + 4*m + 12 = f, 3*w + 4*m + 46 = 20. What is the hundreds digit of (-12)/(-12) + (w - -164)?
1
Suppose -5*r = -3*s - 5154, -3*s + 7*s + 1041 = r. Let b = r - 534. What is the hundreds digit of b?
4
Let w(n) = -301*n**3 - 2*n**2 + 2*n + 3. What is the thousands digit of w(-3)?
8
Let q(z) be the second derivative of -29/2*z**2 + 0 - 1/12*z**4 - 12*z + 19/6*z**3. What is the tens digit of q(7)?
5
Suppose 5*u + 23 = 9*u - 5*r, 75 = 5*u + 3*r. Suppose -13*d + c = -u*d - 1115, 3*d - 2*c - 3347 = 0. What is the tens digit of d?
1
Suppose -119*d - 7*d = -1087380. What is the thousands digit of d?
8
Suppose 5*a = 4*z + 156 + 125, 4*a - 3*z - 225 = 0. Suppose 456 = 2*i + 4*u, 2*i - u + a = 513. What is the tens digit of i?
2
What is the tens digit of 6840 - ((4 - 1) + (15 - 8) + -10)?
4
Let t = 4721 - -8933. What is the units digit of t?
4
Suppose -2*u - 706 = t - 3*t, u + 3*t = -349. Let b = u + 457. What is the hundreds digit of b?
1
Let j = 75660 - 53437. What is the hundreds digit of j?
2
Let w = -19451 + 36512. What is the thousands digit of w?
7
Let w(k) = -251*k + 16813. What is the thousands digit of w(-41)?
7
Let f(o) = -4*o + 2*o + 0*o + 0*o - 3*o**2. Let w be f(2). What is the tens digit of 4/(w/(-76)) - -3?
2
Suppose -13269 = 9*g - 12*g - 3*k, -g - 4*k = -4432. What is the units digit of g?
0
Suppose -7*o - 742 = -2947. What is the tens digit of (o/14 + -11)/((-1)/(-66))?
5
Let w = 3077 - 1697. Suppose w = -10*q + 15*q. What is the units digit of q?
6
Let h(x) be the first derivative of 2*x**3/3 - 12*x + 30. Let g be h(-3). What is the units digit of g/(-9) + 1100/30?
6
Let f be -6*(32/(-8) - 80/3). Suppose -a + 81 = -2*x - f, x + 268 = a. What is the units digit of a?
1
Let k = 26338 + -6133. What is the hundreds digit of k?
2
Let y(p) = 15*p**2 - 327*p + 135. What is the units digit of y(-23)?
1
Suppose -13*r - 7155 = -23925. Suppose -r = 28*y - 33*y. What is the hundreds digit of y?
2
Let a = 2003 + -1977. What is the units digit of a?
6
Suppose 0 = -3*y + 16 + 50. Suppose -y*u = -22442 + 6778. What is the hundreds digit of u?
7
Suppose -3*g + 12*v - 8*v + 3679 = 0, 5*v = -g + 1220. Suppose d - 4*d - 467 = -2*q, -g = -5*q - 4*d. What is the tens digit of q?
4
Let g = 279 - 293. Let c(x) = -3*x + 123. What is the tens digit of c(g)?
6
Suppose -57*c + 23*c + 125066 = -37386. What is the tens digit of c?
7
Suppose -76749 = -5*i + 148076. What is the hundreds digit of i?
9
Let x be (-4)/(-6) + (-48)/18. Let q be 1/(x/(-4)*(-4)/(-6)). What is the units digit of 296*1/q*(2 - -1)?
6
Let a = -3497 - -6422. What is the hundreds digit of a?
9
Let r = 18 + 0. Let z(o) = 2*o**2 - 134*o - 1190. Let a be z(-9). Let v = a - r. What is the tens digit of v?
6
Let w = 305 + -203. Let v be (-3)/(-6) + w/4. Suppose -444 = 22*s - v*s. What is the hundreds digit of s?
1
Let r = -80 - -115. Suppose 10 = 15*f - r. Suppose 4*d = -f*w + 123, 0*d - 2*w - 17 = -d. What is the tens digit of d?
2
Let q be ((-80)/(-6))/(4/6). Suppose 2180 = -10*i + q*i. What is the hundreds digit of i?
2
Let s = 11955 + -3085. What is the tens digit of s?
7
Suppose -25756 = -6*a + 8858. What is the units digit of a?
9
Suppose -83899 - 90443 = -49*v. What is the units digit of v?
8
Suppose 0 = -47*g + 44*g + 51. Suppose 0 = 30*b - g*b - 12857. What is the hundreds digit of b?
9
Suppose -2*i = -5*i - 24. What is the tens digit of 3 + 4539/6 - 4/i?
6
Suppose 204*j - 89685 = 2093931. What is the thousands digit of j?
0
Let q = -19646 + 37242. What is the thousands digit of q?
7
Let f be 30/(-4 - -2) + (-41 - -44). Let d(k) be the first derivative of k**4/4 + 4*k**3 - 3*k**2/2 - 6*k - 4. What is the tens digit of d(f)?
3
Let a(y) = -6*y**3 - 3*y**2 + 9*y + 7. Let p be a(9). Let g = p - -7249. What is the units digit of ((-6)/4)/((-30)/g)?
6
What is the thousands digit of (-332416)/(-212)*(1 + (-3)/(-6))?
2
Let s be 1458/21 + 20/35. Suppose 16*a + s = 6*a. What is the units digit of 21*2 - (-1 - a)/3?
0
Suppose 5*u - 2359 = -7*t + 3*t, u - 476 = -5*t. What is the units digit of u + (4 - (-3 - -11))?
7
Suppose 0 = -36*s + 361342 - 28018. What is the units digit of s?
9
Suppose 4*r + i = 15, -4*r + r + 40 = -5*i. Suppose -r*m + 25 = 4*v, 14 - 4 = -2*v + 2*m. Suppose v*h - 4770 = -18*h. What is the tens digit of h?
6
Suppose 4*d + j = 3*j + 404, -3*d = j - 303. Let o = d + 366. What is the hundreds digit of o?
4
Let t = -53253 - -77914. Suppose 997 = -34*n + t. What is the hundreds digit of n?
6
Let h = 62 + -59. What is the units digit of (h - 4) + (164 - 1)?
2
Let p = 7731 - 2873. Suppose -c + p = 13*c. What is the tens digit of c?
4
Suppose 2*l - 8999 = -3*z, -9011 = -3*z + 128*l - 133*l. What is the hundreds digit of z?
9
Let q(r) = 345*r**2 - 29*r - 14. What is the thousands digit of q(11)?
1
Let w be 3054 - -15 - (-1 - -4). Suppose -7*k = -w - 2212. What is the units digit of k?
4
Suppose 37*s + 0*s - 126392 = 0. What is the tens digit of s?
1
Suppose 3*n + 90843 = -10*s + 14*s, 4*s + 4*n = 90892. What is the ten thousands digit of s?
2
Suppose -8911241 + 677479 = -346*w. What is the ten thousands digit of w?
2
Let o = 41230 - 23621. What is the hundreds digit of o?
6
Let h(v) = -7*v**3 - 7*v**2 - 57*v - 25. Let u(k) = -11*k**3 - 10*k**2 - 85*k - 38. Let y(j) = 8*h(j) - 5*u(j). What is the hundreds digit of y(-11)?
9
Let l be (22/33)/(1/3). Suppose 1 = -l*f + 7. Suppose -u - f = 0, 2*t - 123 = -0*t - 3*u. What is the units digit of t?
6
Suppose 0 = d + d - 4. Let l be (-14 + d*-1)*(6 + -4). What is the hundreds digit of 32/(-9)*l - 4/(-18)?
1
Let k be (-1)/(-7) + (-180)/35. Let o be (-8)/40 - 651/k. Let u = -60 + o. What is the units digit of u?
0
Let t be -28*(-1 + -4 + (-31)/(-7)). Suppose 78 = -t*x + 5422. What is the units digit of x?
4
Let d(c) = 417*c + 770. What is the units digit of d(19)?
3
Let y(x) = -x**3 - 10*x**2 + 10*x - 8. Let a be y(-11). Suppose 4*b = -2*l + 2, l + 0*l = -a. What is the tens digit of (-8)/(4/b) - -98?
9
Suppose 8*q - 77 - 283 = 0. Suppose 42*h + 9 = q*h. Let b(n) = 9*n**2 + 2*n - 5. What is the units digit of b(h)?
2
Suppose 4*q = 3*s - 24362, 0 = 77*s - 74*s + 2*q - 24386. What is the thousands digit of s?
8
Let i = -317 - -321. Suppose 5*f = -0*f - 2*d + 8738, 0 = 3*f - i*d - 5222. What is the hundreds digit of